4*z. Suppose -10*y - p = -17*y. Is y a multiple of 6?
False
Suppose -a - 1156 = -2*n, 478 + 78 = n + 5*a. Is 12 a factor of n?
True
Let t = 26 - 7. Suppose 5*l = -v + t + 21, 5*l = -5*v + 40. Does 8 divide l?
True
Let k(l) = 8 - 13*l**3 + 12*l**3 + 4*l - 7 + 6*l**2. Is k(5) a multiple of 9?
False
Does 43 divide (-4)/(-38) - 15760/(-95)?
False
Let a = 154 + -63. Is a a multiple of 9?
False
Suppose 0 = -o - 2 + 32. Suppose -22 = -4*n - g, -n - 3*n - 5*g = -o. Suppose -n = -c, -5*q + q + 5*c + 143 = 0. Does 16 divide q?
False
Let b(a) = 29*a - 91. Is b(8) a multiple of 7?
False
Suppose -59 = 3*j + 118. Let v = j + 100. Does 8 divide v?
False
Is 13 a factor of 12/(-84)*-1 + 4367/7?
True
Suppose -5*t + 8 = -3*t. Suppose -3*u - t + 16 = 0. Suppose -22 = -u*j + 10. Is j a multiple of 8?
True
Let b(s) = -s**3 + 28*s**2 + 16. Let u be b(28). Suppose -u*d + 540 = -14*d. Does 45 divide d?
True
Suppose 36 = -0*c + 6*c. Suppose -c*p + 296 = -2*p. Is p a multiple of 24?
False
Let x = -174 - -277. Suppose -2*r + 3*g + x + 59 = 0, r - 59 = -4*g. Suppose 0 = h - r + 5. Is 22 a factor of h?
False
Suppose 0 = 4*t - 3*t + 18. Let i be (54 - 0/1)*48/72. Let j = i + t. Is 9 a factor of j?
True
Let a(v) = v**2 - 7*v - 4. Let p be a(8). Suppose p*j = m + m - 50, 0 = -5*j. Is m a multiple of 7?
False
Suppose -15*t - 3*t + 5706 = 0. Is t a multiple of 17?
False
Let o(x) = -x**2 - 5*x - 6. Let k be (-3 + 15)/(-4) + -2. Let n be o(k). Let d(l) = -l**3 - 3*l**2 + 6*l + 12. Is 17 a factor of d(n)?
False
Is (1610/7)/1 + 5 a multiple of 33?
False
Let d = -189 - -326. Let f = d + -77. Is f a multiple of 20?
True
Let n = 141 - -375. Does 6 divide n?
True
Let s(j) = 7*j - 3. Let l = 39 + -34. Is 8 a factor of s(l)?
True
Suppose -2*a = m - 415, 0 = -3*m - m - 3*a + 1645. Suppose m = 5*b + 9. Is b a multiple of 20?
True
Let n = 567 + -357. Is n a multiple of 3?
True
Let o = 53 - 148. Suppose -l - 130 = l. Let z = l - o. Does 10 divide z?
True
Suppose 16*d + 15*d = 57226. Is d a multiple of 60?
False
Let m(x) = -x**3 + 17*x**2 + 18*x - 4. Let b be m(18). Is ((-222)/b)/(21/42) a multiple of 16?
False
Let l be (-1174)/26 - (-2)/13. Let a = l + 65. Does 20 divide a?
True
Suppose 0 = -4*j + 3*p + 195, -j + 5*p - 3*p = -50. Does 4 divide j?
True
Let s(h) = 9*h**2 + 17*h + 82. Is 11 a factor of s(-5)?
False
Is 42 a factor of 868 + -4 + 13 - -5?
True
Let c(h) = 26*h**2 - 5*h - 15. Is c(-2) a multiple of 11?
True
Suppose 9*r - 3766 = 2300. Does 24 divide r?
False
Is 549/(-18)*-6*6 a multiple of 18?
True
Let c(n) = -n**3 + 8*n**2 - 10*n - 2. Let r be c(6). Is 21 a factor of (4/r)/((-2)/(-415))?
False
Let z(v) = -11*v - 48. Does 4 divide z(-12)?
True
Suppose -2*u = -u - 4. Suppose -2 = u*f - 14. Does 3 divide f?
True
Let l = -210 - -127. Let a = 158 + l. Is a a multiple of 15?
True
Suppose -5*s + 2*p = -7, 1 = 3*s + 5*p + 3. Suppose -1 = 3*f - n, 2*f - 2 = -n - s. Does 15 divide ((-3)/3 - -46) + f?
True
Let s(h) be the third derivative of h**6/60 - 13*h**5/60 - h**4/24 - 2*h**3/3 + 15*h**2. Is s(8) a multiple of 12?
True
Suppose -6*c + 1054 = 136. Suppose c - 29 = 4*g. Does 31 divide g?
True
Suppose -2*b = 3*b + h - 21, 0 = -2*b - 4*h - 6. Suppose q - 3*q = -r + 90, -b*r + 443 = -3*q. Is r a multiple of 14?
False
Suppose -535 = -3*v - o, -4*o + 0*o + 182 = v. Let g = v - 100. Is 19 a factor of g?
False
Suppose -12*j + 2970 = -3*j. Does 17 divide j?
False
Let i = 6323 + -4406. Is i a multiple of 71?
True
Let z(j) = j**2 + 2*j + 2. Let t(v) = 3*v**3 + 2*v**2 - 1. Let c be t(-1). Let o be z(c). Suppose -30 = o*x - 7*x. Is 2 a factor of x?
True
Suppose -19*q = -5*q - 3262. Is q a multiple of 20?
False
Suppose 0*v = -v + 14. Let b = 53 - v. Does 13 divide b?
True
Let m(y) = -y - 4. Let j = 9 + -18. Is 3 a factor of m(j)?
False
Let s(r) = 4*r**2 - 29*r + 270. Is s(24) a multiple of 32?
False
Let f = 967 - 423. Does 32 divide f?
True
Let j be 58 - (0 + (-3 - -2)). Let o = j - 19. Does 3 divide o?
False
Let t(b) = 3*b**2 - 9*b + 4. Let v be t(-5). Suppose 2*f - 4*j - 56 = 0, 5*f = 8*j - 6*j + v. Is f a multiple of 8?
True
Suppose 0*j - 5*j + 1048 = 2*y, 5*j - 1028 = 3*y. Does 25 divide j?
False
Let m(f) = -2*f - 13. Let h(w) = -w - 12. Let l(b) = -4*h(b) + 3*m(b). Let v be l(-4). Let r = 19 - v. Is r a multiple of 2?
True
Let m(t) be the second derivative of t**3/6 + 21*t**2/2 + 22*t. Is 3 a factor of m(-14)?
False
Suppose 4*i + 1628 = h + 3*i, 0 = 4*h + 2*i - 6488. Does 58 divide h?
True
Let q(g) = -127*g - 379. Is q(-7) a multiple of 10?
True
Let k(g) = 41*g**3 - 4*g**2 + 9*g - 4. Let t be k(4). Suppose -4*s - 8*s + t = 0. Is s a multiple of 24?
True
Let d be 1/(-1 - (-90)/95). Let v = d + 30. Does 4 divide v?
False
Let b be (-25)/(-7) + (-56)/98. Is 26 a factor of (-928)/(-12) - (-2)/b?
True
Let c be ((-8)/8)/((-2)/8). Let b be -3*1 - (c + -19). Does 15 divide (138/b)/((-2)/(-4))?
False
Let j(x) be the first derivative of -8*x**2 + 8*x - 7. Does 40 divide j(-7)?
True
Let b(t) = -t**3 + 2*t**2 - 8*t + 3. Let p be 51/9 + 6/(-9). Let v be b(p). Let z = -54 - v. Is z a multiple of 12?
False
Suppose -3*q - 39 = -6*q. Let d = q + -8. Suppose -d*l + 35 + 25 = 0. Is 12 a factor of l?
True
Let u(h) = 10*h**2 - 29*h - 368. Does 44 divide u(-16)?
False
Suppose 2*b - 22 = -4*l, 3*b + 3*l = 2*b + 15. Is 83 + (-8)/(-4) + b a multiple of 16?
False
Suppose 5*q - 10 = -5*s, 0 = -4*q + 2*q + 3*s + 24. Let r = -134 + 162. Is r/q - 6/9 even?
True
Is 110 + (-35)/(-1 + 8) a multiple of 7?
True
Let y(o) = 3*o + 24. Let h(c) = -c. Let z(m) = -6*h(m) + y(m). Is 15 a factor of z(12)?
False
Suppose 2*t = u - 8, -3*t = u + 2*t + 13. Suppose -u*i + 18 = -0*i. Let p = i + 6. Is p a multiple of 6?
False
Suppose -4*j + 4*o - 36 = 0, 0 = -0*j + j + o + 1. Is 95/((-5)/25*j) a multiple of 17?
False
Let d = -1212 - -1671. Is d a multiple of 16?
False
Let j = 115 + -110. Suppose -j*r + i + 552 = -702, -r + 253 = 2*i. Is 17 a factor of r?
False
Let c(p) = -p**3 + p**2 - 17. Let f be c(0). Let l be f + (5/(-1) - -3). Is l/(3 + 0 + -4) a multiple of 5?
False
Suppose 0 = -5*i - 13 + 28. Suppose r + 0 + i = 0. Does 2 divide (-12)/(-9)*(-9)/r?
True
Let n = 5 + -1. Let r(p) = 1 - 2*p + 3*p - n + 4*p. Does 7 divide r(5)?
False
Suppose -671 = -22*o + 1969. Is o a multiple of 10?
True
Suppose 0 = -2*h + r + 12, -3*h + 3*r + 17 = -7. Suppose k - 375 = -h*k. Is k a multiple of 13?
False
Suppose 0 = 2*y - 5*m + 9, -4*m = -3*y - 0 - 3. Suppose 66 = -4*x + a, 10 = y*x - 4*x - 3*a. Let z = 68 - x. Is z a multiple of 28?
True
Suppose -95 + 23 = -6*a. Does 43 divide 172*(1 + -3 + -9 + a)?
True
Let p be (2/21 - 16/(-28))*-30. Is (-2064)/p + 16/20 a multiple of 17?
False
Suppose -2*x + 323 = 85. Suppose x*n - 115*n - 1352 = 0. Is 23 a factor of n?
False
Let s = 20 + -20. Suppose 0*z + 5*z - 25 = s. Suppose 0 = -w - w + 2*x + 208, x = -z*w + 544. Is w a multiple of 27?
True
Let r(u) = -3 - u**2 + 6*u + 3*u**3 - 4*u**3 + 6*u**2. Let o be r(6). Is 9 a factor of -3*(176/(-12) - o)?
False
Suppose -4*v = -6*m + 2*m - 360, 5*v - m - 450 = 0. Is v a multiple of 11?
False
Suppose -8*l = -4*l - 64. Let p = l + 41. Let m = 83 - p. Is m a multiple of 13?
True
Let y be 118 + 0 + 7/21*3. Let s = -55 + y. Does 18 divide s?
False
Suppose -2*c + j + 3423 = 4*j, 3*j = -9. Does 22 divide c?
True
Suppose -2*r - 4*s + 112 = 0, -3*r - r + 3*s = -213. Does 22 divide (-14)/6 + 2 - (-5202)/r?
False
Let q(u) = u + 9. Let d be q(-8). Let b(o) be the second derivative of 7*o**4/4 - o**3/6 + o**2/2 + 6*o. Does 7 divide b(d)?
True
Suppose -5824 = 11*k + 215. Let t = 866 + k. Is t a multiple of 25?
False
Let y = -48 - -47. Is 7 a factor of (3 + -6 - y)*-35?
True
Let s = -60 - -64. Does 5 divide s/30 + (-1046)/(-30)?
True
Let x(n) = -12*n - 1. Let p be 0/(9 + -4) - 2. Is 9 a factor of x(p)?
False
Does 9 divide (10 + -4 + -5)*323?
False
Suppose 0 = 2*c - 1519 - 857. Suppose 2*f + 9*f - c = 0. Is f a multiple of 27?
True
Let b(o) = -o**2 + 18*o + 31. Let t be b(20). Let y(k) = -8*k + 10. Does 11 divide y(t)?
False
Let n(w) = w**3 - 576*w**2 + 2 + 6*w + 583*w**2 - 3. Suppose 13 = -5*o - 12. Is n(o) a multiple of 15?
False
Let w = -12 - -12. Suppose 2*h + 3*h - 355 = w. Does 6 divide h?
False
Suppose 2*s = 4*s + 50. Let c = s - -20. Let b(l) = l**3 + 8*l**2 + 10*l - 5. Is b(c) a mu